
2, 3
List the prime factors of (68/3*-2)/(26/(-39)).
2, 17
What are the prime factors of (-345)/(-138)*(-1034)/(-5)?
11, 47
Suppose -4 = -4*x, -2*x - 296 = -o - 99. Suppose -o = -2*b + g, 4*b - 265 - 130 = 3*g. What are the prime factors of b?
101
Suppose 6*j - 16 - 2 = 0. Suppose 3*x + 2*x - 87 = -o, -5*x = -j*o + 341. What are the prime factors of o?
107
Let v = 364 - 149. List the prime factors of v.
5, 43
Suppose 0 = 5*q + 5*b - 5235, -2*q = -2*b - 2093 + 19. What are the prime factors of q?
2, 521
Let t be (2 - 5) + 6 + 2. Suppose 0 = -5*h + t*b, -5*h - b + 18 = -0*b. Suppose h*u - 85 = -5*o - u, -5*u = -5*o + 85. List the prime factors of o.
17
Let y = 654 + -366. List the prime factors of y.
2, 3
Suppose -398 - 391 = -3*h. What are the prime factors of h?
263
Suppose 0 = 110*v - 95*v - 6600. What are the prime factors of v?
2, 5, 11
Suppose 0 = -2*q - 4*j - 106, 145 = -3*q - 3*j + 4*j. Let u = q + 104. List the prime factors of u.
5, 11
Suppose -b = 3*b + 4*h - 20, 0 = -b + 4*h. Suppose -b*v - 3 = 1. Let y = v + 14. List the prime factors of y.
13
Let i be 80/(-6)*12/10. Let p = i + 16. Suppose 0*s + 4*s - 328 = p. List the prime factors of s.
2, 41
Let b be 10 + (-2)/(2/3). Let o be b/(28/8) - -1. Suppose o*f - 52 = r, -4*f - r + 81 = -0*f. List the prime factors of f.
19
Let n(z) = z**3 - 6*z**2 - 1. Let t be n(6). Let d be (0 - t)/((-1)/(-5)). Let p = d - -5. What are the prime factors of p?
2, 5
Suppose -6*i = 3*i - 2106. List the prime factors of i.
2, 3, 13
Suppose -10*p - 2395 = -8915. List the prime factors of p.
2, 163
Let o be -12*(4 + 28/(-8)). Let q be 12/(o/2) + -8. What are the prime factors of 4 + (24 - q/(-3))?
2, 3
List the prime factors of ((-225)/20)/((-19)/1064).
2, 3, 5, 7
Suppose -10*n - 34 = -11*n. Let r be n/(-9) + 4/(-18). List the prime factors of 1/(-4) - 53/r.
13
Suppose 7944 + 1632 = 12*v. What are the prime factors of v?
2, 3, 7, 19
Let a = -546 - -1184. Suppose 2*n = -5*z + 638, -3*z - a = -2*n - 0*n. What are the prime factors of n?
11, 29
Suppose 6*q + 25 = 13. List the prime factors of (4/12)/(q/(-6)) + 1.
2
Let m(n) = -2*n**3 - 2*n**2 - 25*n - 10. What are the prime factors of m(-7)?
3, 251
Suppose -4*o + 55 = o. What are the prime factors of o + (3 + 9)/3?
3, 5
Let y = 1163 + -679. List the prime factors of y.
2, 11
Let g = -209 - -135. Suppose -r - 152 + 49 = 0. Let w = g - r. What are the prime factors of w?
29
Suppose -13 = -5*a - 2*q + 43, 2*q - 6 = 0. Let m be a*(0 + 6/(-15)). Let f(v) = 2*v**2 - 1. List the prime factors of f(m).
31
Suppose -2*a = 292 - 1298. List the prime factors of a.
503
Suppose 3*r - 1582 - 3806 = -2*g, 2*r = g - 2680. List the prime factors of g.
2, 3, 7
Let f(s) = s**3 + 20*s**2 + 30*s + 2. Let c be f(-16). Suppose -4*n + 246 = -c. What are the prime factors of n?
2, 3, 11
Suppose -2*n - 5*p - 6 = 0, 0*n - 37 = -3*n + 4*p. Suppose 2*r - 3 - 3 = 0. Suppose -4*z = -4*s, 0 = z - n + r. List the prime factors of s.
2
Suppose 367 + 174 = 3*y + 5*z, 4*y = 5*z + 698. List the prime factors of y.
3, 59
Let x(y) = -y**3 + 7*y**2 + 8. Let o be x(7). Let n be ((-1)/(-2))/(2/o). Suppose -q - q + 14 = -2*r, n*r - 4 = 0. What are the prime factors of q?
3
Suppose 5 = -4*y - y. Let s = 3 - y. Suppose 2*g - 164 = -s*m - 2*g, -38 = -m - 2*g. What are the prime factors of m?
2, 11
Let j = 14549 + -9082. What are the prime factors of j?
7, 11, 71
Let a(n) = 4*n**2 - 8*n + 14. List the prime factors of a(-10).
2, 13, 19
Suppose 4*z + 5*q = 23, q + 2*q - 18 = -3*z. Suppose -b - z = -57. What are the prime factors of b?
2, 5
Let w(i) = i**3 - 5*i**2 - 8*i - 14. Let a = 30 - 23. What are the prime factors of w(a)?
2, 7
Let f(j) = j + 9. Let y be f(4). Let t = -12 + y. What are the prime factors of (-56)/7*-5*t?
2, 5
Let d = 71 + -103. Let s = d - -88. What are the prime factors of s?
2, 7
Suppose 7*c + 12 = 11*c. Suppose -8*n + c*n + 426 = 4*v, 0 = -2*v + n + 220. List the prime factors of v.
109
Suppose i - 4*o = -17, 2*o + 0*o + 17 = -i. Let q = i - -88. What are the prime factors of q?
71
Let f(t) be the second derivative of -t**5/20 + 5*t**4/6 + 2*t**3/3 - 23*t**2/2 + 17*t. What are the prime factors of f(10)?
17
Suppose -105 = p + 4*l - 463, 4*l = 5*p - 1790. List the prime factors of p.
2, 179
Suppose -3*i - 12 = -114. Let o be (-1 - 1) + 3*3. Suppose 3*p + o = i. List the prime factors of p.
3
List the prime factors of 3947/(((-4)/(28/21))/(-3)).
3947
Let r(h) = h**2 - 2*h + 1. Let a be r(1). Suppose a = -3*t - 3 + 9. Suppose 0*w - t*w + 22 = 0. What are the prime factors of w?
11
Let w = 1131 - 289. What are the prime factors of w?
2, 421
Let b be (-2)/(-7) - 52/(-14). What are the prime factors of b*(3 + -2) + 8*29?
2, 59
Let b be -3 - (-2 + -2 + 0). Let w be (-4 - -2) + 1 + -13. Let h = b - w. List the prime factors of h.
3, 5
Let j = 21 - 54. Let d = 56 + j. What are the prime factors of d?
23
Let d = -11171 - -16758. List the prime factors of d.
37, 151
Let l = -117 + 120. Let o be 0/(-1 + 2) + 104. Suppose 1 + o = l*d. What are the prime factors of d?
5, 7
Let p(y) = -y**3 - y**2 - 2*y - 6. Let f(x) = 0*x**3 - 4*x**3 - 5 + 2*x**3 - 3*x + x**3. Let s(q) = -5*f(q) + 4*p(q). List the prime factors of s(5).
61
What are the prime factors of 3/(-30)*(-4 + 6)*-1535?
307
Suppose 0 = 18*t - 15*t - 15. Let j(n) = 2*n**2 + 4*n + 2. Let m be j(-2). Suppose -f + 2*h = -m*f + 25, -2*f = -t*h - 50. What are the prime factors of f?
5
What are the prime factors of ((-66)/(-4) + 5)*118?
43, 59
Let t be (2/(-4))/(2/(-24)). Suppose t = -5*c + 21. Suppose 0 = -q - c*n + 34, 3*n - 9 = 3. List the prime factors of q.
2, 11
Let w(u) = u**3 - 2*u**2 + 4*u - 3. Let r be w(2). Suppose -173 = r*n - 823. What are the prime factors of n?
2, 5, 13
Suppose -16*l = -21*l + 825. Let m = l + -81. List the prime factors of m.
2, 3, 7
List the prime factors of ((-3)/(36/304))/(2/(-9)).
2, 3, 19
Let f be (1 - -29)/(2 - 1). Suppose 0*s + 6*s - f = 0. Let y(w) = w**3 - 4*w**2 + 3*w + 4. What are the prime factors of y(s)?
2, 11
What are the prime factors of 5 - (-21)/(-7) - -2793?
5, 13, 43
Let a(i) be the third derivative of i**4/12 + 5*i**3/3 + 4*i**2. Let k be a(-9). List the prime factors of 3/6 + (-628)/k.
79
Let l(t) = -t**2 + 110*t - 64. What are the prime factors of l(25)?
3, 229
Let n(m) = m + 185. Let k be n(0). Suppose 0 = -4*w - w + k. Let v = 53 - w. What are the prime factors of v?
2
List the prime factors of (130/30)/13*5982.
2, 997
Let k be (-2 - 1*-6) + 15 + 8. Suppose -k*y + 20 = -26*y. List the prime factors of y.
2, 5
Let d(q) = 193*q**2 + 8*q - 21. List the prime factors of d(2).
13, 59
Let v = -6166 - -10843. List the prime factors of v.
3, 1559
Suppose -z + 5*k + 12 + 20 = 0, 5*z = -3*k + 104. Let w = -18 + z. List the prime factors of (-2334)/(-54) - w/18.
43
What are the prime factors of (-10)/5*-28*(94 + 0)?
2, 7, 47
Suppose 5*c + 4*z - 66 = 0, -4*c + z - 3*z = -48. Let u be (c/(-6))/((-6)/18). What are the prime factors of (14 - u)*(2 - -3)?
3, 5
Let y be (-1 - -5) + (-1 - -1). Suppose -l - y*l = -15. Suppose -3*u - l*u = -264. What are the prime factors of u?
2, 11
Let k(x) = 3*x**2 + 9*x + 1. Let b = -13 + 9. Let p be k(b). Let o = p + 4. What are the prime factors of o?
17
Let u(j) = -j**3 - 8*j**2 - 2*j + 7. Let c be u(-8). Suppose 0 - 1 = t - 5*s, 0 = -5*t - 3*s + c. List the prime factors of t.
2
Let n(d) = d**2 + 8*d + 7. Let k be n(-8). Let w be ((-8)/6)/(k/(-42)). Suppose -3*z + w*z + 4*c = 138, -4*z - 3*c = -110. What are the prime factors of z?
2, 13
List the prime factors of -58*(4 + 4 + -12).
2, 29
Let h be 1/3 + 3/(-9). Let u(s) = -5*s - 1. Let p be u(-7). Suppose -f + 19 + p = h. What are the prime factors of f?
53
Let w(b) = b**3 + 13*b**2 + 8*b - 10. Suppose 0 = 2*z + 4*j - 11 + 55, -53 = 4*z + j. What are the prime factors of w(z)?
2, 19
Let b be 95/(-30)*1 + (-2)/(-12). Let f = b + 6. What are the prime factors of f?
3
Let r(h) = -h**3 - 10*h**2 - h + 9. Let g(l) = 6*l**2 - l. Let v be g(1). Suppose 10 = -3*x + v*w, x - 4*x + w = 26. List the prime factors of r(x).
19
Let t = -2164 - -4799. What are the prime factors of t?
5, 17, 31
Let s(v) = 38*v**2 - 26*v - 6. What are the prime factors of s(-5)?
2, 3, 179
Let f be 2 - ((-2)/(-6) + 261/27). List the prime factors of 